4. Let p be d(0). Suppose -n - 5 + 41 = 0. Calculate the highest common divisor of n and p.
4
Suppose 292 = 2*j + 4*v, 5*j + 2*v - v = 685. Suppose -53 = -4*u + 83. Calculate the highest common factor of u and j.
34
Let h(d) = d - 5. Let p be h(12). Let w = 10 - -18. Suppose 5*q - 357 = w. What is the greatest common factor of p and q?
7
Suppose 6 = 4*b + 9*d - 7*d, 0 = -b + 3*d + 5. Calculate the greatest common divisor of 4 and b.
2
Let w(l) = 28*l**2 - 17*l - 31. Let g be w(-6). Calculate the highest common divisor of 13 and g.
13
Let m(j) = j**3 - 6*j**2 - 10*j + 9. Let h be m(7). Let k be (27/h)/(2/8). Let c = 19 + k. Calculate the greatest common factor of c and 80.
10
Let h = -1 + 1. Suppose 0 = -h*d + 2*d. Suppose -18 = -3*i - d*i. What is the greatest common divisor of i and 6?
6
Let h(o) = o**2 - o + 1. Let v(m) = -m**2 - 4*m - 17. Let q(r) = 2*h(r) + v(r). Let y be q(11). Calculate the highest common divisor of y and 20.
20
Let u = 156 + -124. Calculate the highest common factor of 288 and u.
32
Suppose -5*b = 7*b - 348. What is the greatest common divisor of b and 5?
1
Let o be (2/(-16)*-4)/(2/8). Suppose -3*x + 61 = o*t, 4*t - 11*x = -6*x + 89. Calculate the greatest common factor of t and 286.
26
Suppose 0*r + 3*r = 0. Suppose r = 17*o - 22*o + 50. Calculate the highest common divisor of 10 and o.
10
Let h be 7 + 3 + 2 - 1*-7. What is the highest common factor of h and 589?
19
Let n = -138 + 152. Calculate the greatest common factor of n and 56.
14
Suppose 4*l = -n + 31, 20 = 3*l + 5*n - n. Let d be 2*2*(-1)/(-2). Suppose 36 + 12 = d*a. What is the greatest common factor of a and l?
8
Suppose 3*p + 5*p = 48. Let k = p + -4. Suppose -k*f = -0 - 24. What is the highest common factor of f and 84?
12
Let g be (-13 - 11)*(-10 - 4 - 4). Calculate the highest common factor of 240 and g.
48
Let l(p) = -p**3 - 2*p**2 + 5*p + 34. Let v be l(-8). Calculate the greatest common divisor of v and 54.
54
Suppose -2*x - 5 = -j, -4*j - x + 16 = -5*x. Let p be (5 + 3 - j) + 157. What is the greatest common divisor of p and 18?
18
Let t = 898 + -134. Suppose 344 = 2*f - w, -t + 84 = -4*f - 2*w. Calculate the greatest common divisor of f and 19.
19
Let o be (-366)/(3 - 9) - 9. What is the greatest common factor of o and 1300?
52
Let i be (2 + -6)*(-15 - 1). Calculate the highest common divisor of i and 8.
8
Suppose 116 = -10*p + 1156. Calculate the greatest common factor of 8 and p.
8
Let m = 83 + -74. Let f(n) = 2*n - 5. Let r be f(m). Calculate the greatest common factor of r and 247.
13
Let o = -77 - -79. Suppose -o*b + w + 249 = -501, 4*b - 1486 = -5*w. Calculate the highest common factor of 34 and b.
34
Let r be 1 - 7/((-7)/(-3)). Let a be r + 4 + 0 + 2. Suppose p - a*p = 3*n - 195, n + 3*p = 69. What is the greatest common factor of n and 7?
7
Let y = -2 + 13. Let i(k) = k**3 + 10*k**2 + 6*k - 12. Let u be i(-9). Let g = 59 - u. Calculate the highest common divisor of g and y.
11
Suppose 0 = -5*g + 2*p + 3 + 13, 3*p - 6 = 0. Let d be ((-9)/4)/(g/(-48)). Calculate the highest common divisor of d and 3.
3
Let u = 88 + -64. Suppose 4*b - u + 822 = 3*j, -804 = -3*j + 2*b. Calculate the highest common factor of 30 and j.
30
Suppose 8*k - 1469 - 491 = 0. What is the highest common factor of 35 and k?
35
Let x(d) = 59*d**2 - 2. Let j be (-2 - -1) + 0/(-2). Let u be x(j). What is the highest common factor of 19 and u?
19
Let p be (1 - 3)/(4/(-166)). Suppose -5*w + 15 = 0, -3*l = 5*w + 1 - 160. Let m = p - l. What is the highest common factor of 7 and m?
7
Suppose 5*f = 4*g - 15, -2*f - 15 = -2*g - 7*f. Let w = -113 + 49. Let q = 109 + w. What is the greatest common factor of q and g?
5
Let p(q) = 25*q - 314. Let g be p(14). Suppose -2*k + 648 = k. What is the highest common factor of k and g?
36
Suppose 16*n - 26*n + 2090 = 0. Suppose 4*o - 55 = n. What is the highest common divisor of 22 and o?
22
Suppose 0 = 5*l + 52 - 137. Let a = -34 - -59. Let v = a - l. Calculate the highest common factor of v and 72.
8
Let m(d) = -290*d + 24. Let o(v) = -97*v + 8. Let s(y) = -4*m(y) + 11*o(y). Let k be s(1). Calculate the greatest common divisor of 51 and k.
17
Suppose -2*r = -45 + 25. Let i = 5 + r. Calculate the greatest common factor of 3 and i.
3
Let t(v) = 5*v**2 + v - 1. Let i be t(2). Let l be ((-224)/(-96))/(12/72). Calculate the highest common factor of l and i.
7
Let p(t) = 0 - 11*t**2 + 1 - 2*t**3 - 2 + 11*t + 3*t**3. Let k be p(10). Let f = 5 + k. What is the highest common factor of f and 42?
14
Let x = -18 + 45. Let o(d) = -3*d**2 - 6*d - 10. Let y be o(-5). Let w be (-8)/(-44) + (-13355)/y. What is the greatest common factor of x and w?
27
Suppose -4*i + 1212 = 4*a, 2*a - 8*i + 11*i - 604 = 0. Calculate the greatest common divisor of a and 5.
5
Let q(j) = -66*j + 38. Let p be q(0). Calculate the greatest common factor of 95 and p.
19
Let c(z) = -z - 7. Let y be c(-11). Suppose -2*t - t + 48 = -2*s, -y*t = 3*s - 81. Let i(v) = 3*v. Let n be i(6). What is the highest common divisor of t and n?
18
Let v be -4 + (-480)/(-20)*8/3. What is the greatest common factor of v and 300?
60
Let n be -1 - ((1 - 28) + -1). Let j = -2966 - -2984. What is the highest common divisor of j and n?
9
Suppose -h = -5*a - 66 - 33, 0 = 5*h + 4*a - 350. Calculate the greatest common divisor of 370 and h.
74
Suppose -p + 4 = 2*j, -j = 2*p - 3 - 2. Suppose -3*d + 2 = 5*o - 51, 0 = -3*o + 12. Calculate the highest common divisor of j and d.
1
Suppose 8 = -3*c - 4*m, c - 3*c - m = -3. Let y = 25 - 27. Let t be (-3 + 28/16)*(-6 + y). What is the greatest common factor of t and c?
2
Let a = 659 - 656. What is the greatest common factor of a and 213?
3
Let k(z) = -48*z - 39. Let w be k(-7). What is the highest common factor of w and 27?
27
Let y be ((-1 - 0) + 2)/((-1)/(-24)). Suppose k - 4*r - 22 = 0, 0*k + 2*r = 2*k - 20. Calculate the greatest common factor of y and k.
6
Suppose -433*k + 96 = -427*k. What is the greatest common divisor of 32 and k?
16
Let s be -2*3/6 - -4. Let z be (s - 10)/(2/(-6)). Let v = 6 + z. What is the greatest common factor of 81 and v?
27
Let j be ((-18)/(-10))/(21/70). What is the highest common divisor of j and 114?
6
Let f = 436 - 426. Let n = 2 + -1. Calculate the highest common factor of n and f.
1
Let p be -2 + (2 - -53)*2. Calculate the greatest common divisor of p and 54.
54
Let r(y) = 2*y**2 + 9*y + 6. Let i = -36 - -23. Let f = 7 + i. Let s be r(f). What is the highest common factor of s and 16?
8
Suppose -5*r = 5*v - 12 - 23, -2*r + 5*v + 49 = 0. Let c = 1777 - 1765. What is the highest common divisor of r and c?
12
Let g be 15*38*-4*(-14)/112. What is the highest common factor of g and 45?
15
Let g(p) = -p**3 + 7*p**2 - 11*p + 7. Let m be g(5). Let l be 9 + -2 + 4/m. Calculate the highest common factor of l and 36.
9
Suppose -9*w + 8*w + 3 = 0. Suppose -5*i - a = -46, -w*i = -a - 11 - 23. What is the highest common factor of i and 30?
10
Suppose 5*h = -2*k - 10, 4*k + 3*h = -2 + 10. Suppose w + 3 = 0, y - 15 = k*w + 8. Suppose 5*s + y = 28. Calculate the greatest common factor of s and 12.
4
Let d(f) = -f**2 + 6*f - 5. Let g be d(4). Suppose g*l = 2*l + 2. Suppose l = 2*h - 2*o, 4 - 9 = -5*h + o. Calculate the greatest common factor of 2 and h.
1
Let q(j) = 32*j**2 + 53*j - 53. Let w be q(1). What is the highest common factor of 3104 and w?
32
Let j(h) = h**2 + h + 4. Let n be j(0). Let q = 27 + -28. Let d be 7 - 0 - 5 - (-5 + q). Calculate the highest common divisor of d and n.
4
Let i be ((-5)/(15/(-2)))/(8/156). Suppose 14*r - 104 = 6*r. Calculate the highest common divisor of r and i.
13
Let q(k) be the first derivative of k**3/3 - 6*k**2 + 10*k - 10. Let r be q(10). Let t be -1 - (1/1 + r). Calculate the greatest common divisor of 8 and t.
8
Let r = -211 + 386. What is the greatest common divisor of 35 and r?
35
Suppose 36*p - 2116 = -352. Calculate the highest common factor of 441 and p.
49
Suppose 8 = j + 3*k, 2*j + 3*j - 94 = 3*k. Suppose -p = -2*w - 262 + 65, p - 182 = -w. Calculate the greatest common factor of j and p.
17
Suppose 4*a - 10 = 2*a. Suppose 0 = -5*x + 6*u - 2*u + 48, -3*u + 34 = a*x. Suppose -5287 = -15*g - 4207. Calculate the greatest common divisor of x and g.
8
Suppose -4*u - 10*l + 7*l - 235 = 0, 4*l = -5*u